{"id":2,"date":"2024-10-15T10:03:05","date_gmt":"2024-10-15T08:03:05","guid":{"rendered":"http:\/\/ai-goody-record.com\/?page_id=2"},"modified":"2025-04-23T21:16:08","modified_gmt":"2025-04-23T19:16:08","slug":"page-d-exemple","status":"publish","type":"page","link":"https:\/\/ai-goody-record.com\/?page_id=2","title":{"rendered":"AI GOODY RECORD ?"},"content":{"rendered":"\n<p>Un laboratorio musical donde la palabra po\u00e9tica se fusiona con la inteligencia artificial para crear canciones que cruzan el umbral de lo humano y lo digital. Cada pieza es un experimento sonoro que nace de los textos de Rodrigo Caycedo y se transforma en voz, ritmo y atm\u00f3sfera gracias a herramientas generativas.<\/p>\n\n\n\n<p>AI GOODY RECORD no busca imitar el mundo: lo reinventa desde lo invisible. Aqu\u00ed, la m\u00fasica es un espejo del viaje interior, una exploraci\u00f3n libre que desaf\u00eda los g\u00e9neros y las formas tradicionales.<br>Bienvenide al lugar donde la poes\u00eda canta.<\/p>\n\n\n\n<blockquote class=\"wp-block-quote is-layout-flow wp-block-quote-is-layout-flow\">\n<p>Un projet musical exp\u00e9rimental o\u00f9 la po\u00e9sie de Rodrigo Caycedo prend vie gr\u00e2ce \u00e0 l\u2019intelligence artificielle. Chaque morceau explore un monde int\u00e9rieur, entre voix synth\u00e9tiques et \u00e9motions vraies. Une nouvelle mani\u00e8re de faire chanter l\u2019invisible.<\/p>\n<\/blockquote>\n\n\n\n<p>Where Poetry Meets Machine<\/p>\n\n\n\n<blockquote class=\"wp-block-quote is-layout-flow wp-block-quote-is-layout-flow\">\n<p>An experimental music project where Rodrigo Caycedo\u2019s poetry comes alive through artificial intelligence. Each track is a journey inward \u2014 blending synthetic voices with real presence. A new way to make the invisible sing.<\/p>\n<\/blockquote>\n\n\n\n<p>Had you noticed? <em>AI GOODY RECORD<\/em> is an anagram of Rodrigo Caycedo. A hidden signature that reflects the spirit of the project \u2014 where poetry meets technology, and identity reshapes itself through sound.<\/p>\n\n\n\n<p><\/p>\n","protected":false},"excerpt":{"rendered":"<p>Un laboratorio musical donde la palabra po\u00e9tica se fusiona con la inteligencia artificial para crear canciones que cruzan el umbral de lo humano y lo digital. Cada pieza es un experimento sonoro que nace de los textos de Rodrigo Caycedo y se transforma en voz, ritmo y atm\u00f3sfera gracias a herramientas generativas. AI GOODY RECORD [&hellip;]<\/p>\n","protected":false},"author":1,"featured_media":0,"parent":0,"menu_order":0,"comment_status":"closed","ping_status":"open","template":"","meta":{"footnotes":""},"class_list":["post-2","page","type-page","status-publish","hentry"],"_links":{"self":[{"href":"https:\/\/ai-goody-record.com\/index.php?rest_route=\/wp\/v2\/pages\/2","targetHints":{"allow":["GET"]}}],"collection":[{"href":"https:\/\/ai-goody-record.com\/index.php?rest_route=\/wp\/v2\/pages"}],"about":[{"href":"https:\/\/ai-goody-record.com\/index.php?rest_route=\/wp\/v2\/types\/page"}],"author":[{"embeddable":true,"href":"https:\/\/ai-goody-record.com\/index.php?rest_route=\/wp\/v2\/users\/1"}],"replies":[{"embeddable":true,"href":"https:\/\/ai-goody-record.com\/index.php?rest_route=%2Fwp%2Fv2%2Fcomments&post=2"}],"version-history":[{"count":3,"href":"https:\/\/ai-goody-record.com\/index.php?rest_route=\/wp\/v2\/pages\/2\/revisions"}],"predecessor-version":[{"id":14,"href":"https:\/\/ai-goody-record.com\/index.php?rest_route=\/wp\/v2\/pages\/2\/revisions\/14"}],"wp:attachment":[{"href":"https:\/\/ai-goody-record.com\/index.php?rest_route=%2Fwp%2Fv2%2Fmedia&parent=2"}],"curies":[{"name":"wp","href":"https:\/\/api.w.org\/{rel}","templated":true}]}}